{"id":449,"date":"2016-01-11T15:02:29","date_gmt":"2016-01-11T15:02:29","guid":{"rendered":"http:\/\/mediterraneaseguros.com.ar\/site\/?page_id=449"},"modified":"2016-05-10T13:55:03","modified_gmt":"2016-05-10T13:55:03","slug":"convenio-de-seguros-de-contratacion-voluntaria","status":"publish","type":"page","link":"http:\/\/mediterraneaseguros.com.ar\/site\/convenio-de-seguros-de-contratacion-voluntaria\/","title":{"rendered":"Convenio de Seguros de Contrataci\u00f3n Voluntaria"},"content":{"rendered":"<p>[vc_row row_type=\u00bbrow\u00bb use_row_as_full_screen_section=\u00bbno\u00bb type=\u00bbfull_width\u00bb text_align=\u00bbleft\u00bb background_image_as_pattern=\u00bbwithout_pattern\u00bb][vc_column width=\u00bb5\/6&#8243;][vc_column_text]<\/p>\n<h2>Colegio de Psic\u00f3logos de la Provincia de Cordoba<\/h2>\n<h3>Convenio de Seguros de Contrataci\u00f3n Voluntaria<\/h3>\n<p>[\/vc_column_text][vc_separator type=\u00bbnormal\u00bb position=\u00bbcenter\u00bb down=\u00bb30&#8243;][vc_column_text]El <strong>Colegio de Psic\u00f3logos de la Provincia de C\u00f3rdoba<\/strong> firm\u00f3 un nuevo convenio con Mediterr\u00e1nea Sequeira Broker de Seguro que le permitir\u00e1 a todos los Colegiados y Empleados de la Entidad obtener beneficios exclusivos en la contrataci\u00f3n de seguros de Responsabilidad Civil Profesional, Autos y Hogar.<br \/>\nEntendiendo que es de utilidad que los profesionales cuenten con la posibilidad de un seguro de Mala Praxis complementario al Fondo Solidario es que ha procurado obtener beneficios para los profesionales arribando a un acuerdo para que, aquellos que as\u00ed lo requieran, puedan adquirir de manera voluntaria un seguros de Mala Praxis a un precio inferior a los que se suscriben en forma individual.<br \/>\nBajo el mismo concepto se han buscado beneficios para la contrataci\u00f3n de los seguros para Automotor y Hogar que se traducen en una importante baja de los costos de los mismos. En el marco de este convenio es que tres Compa\u00f1\u00edas de seguros de primer nivel Nacional suscribieron al mismo otorgando precios y condiciones diferenciales para la contrataci\u00f3n de esos Riesgos.[\/vc_column_text][vc_empty_space height=\u00bb32px\u00bb][vc_tabs style=\u00bbvertical_left\u00bb title=\u00bbBeneficios\u00bb][vc_tab title=\u00bbSAN CRISTOBAL SEGUROS\u00bb tab_id=\u00bb1461290716-1-100&#8243;][vc_column_text]<\/p>\n<p>Suma asegurada: <strong>$150<\/strong> \/ Costo mensual: <strong>$55<\/strong><\/p>\n<p>[\/vc_column_text][\/vc_tab][vc_tab title=\u00bbS.M.G. (SWIS MEDICAL)\u00bb tab_id=\u00bb1461290716-2-15&#8243;][vc_column_text]<\/p>\n<p>Suma asegurada: <strong>$150<\/strong> \/ Costo mensual: <strong>$50<\/strong><\/p>\n<p>[\/vc_column_text][\/vc_tab][\/vc_tabs][vc_separator type=\u00bbnormal\u00bb position=\u00bbcenter\u00bb][vc_empty_space height=\u00bb32px\u00bb][vc_tabs style=\u00bbvertical_left\u00bb title=\u00bbOtras Bonificaciones\u00bb][vc_tab title=\u00bbSAN CRISTOBAL SEGUROS\u00bb tab_id=\u00bb1461291461439-0-3&#8243;][vc_row_inner][vc_column_inner width=\u00bb1\/2&#8243;][vc_column_text]<\/p>\n<h4>Seguros para Automotor<\/h4>\n<p><strong>15% de bonificaci\u00f3n<\/strong> del costo[\/vc_column_text][\/vc_column_inner][vc_column_inner width=\u00bb1\/2&#8243;][vc_column_text]<\/p>\n<h4>Seguros para el Hogar<\/h4>\n<p>Combo Plus, <strong>bonificaci\u00f3n de \u00faltimas dos cuotas<\/strong>[\/vc_column_text][\/vc_column_inner][\/vc_row_inner][\/vc_tab][vc_tab title=\u00bbPROVINCIA SEGUROS\u00bb tab_id=\u00bb1461291461728-0-0&#8243;][vc_row_inner][vc_column_inner width=\u00bb1\/2&#8243;][vc_column_text]<\/p>\n<h4>Seguros para Automotor<\/h4>\n<p><strong>20% de bonificaci\u00f3n<\/strong> del costo[\/vc_column_text][\/vc_column_inner][vc_column_inner width=\u00bb1\/2&#8243;][vc_column_text]<\/p>\n<h4>Seguros para el Hogar<\/h4>\n<p><strong>10% de bonificaci\u00f3n<\/strong> del costo\u00a0(cobertura adicional de robo para\u00a0Notebook, c\u00e1maras digitales,\u00a0GPS fuera del domicilio).[\/vc_column_text][\/vc_column_inner][\/vc_row_inner][\/vc_tab][vc_tab title=\u00bbZURICH\u00bb tab_id=\u00bb1461292079988-2-2&#8243;][vc_column_text]<\/p>\n<h4>Seguros para Automotor<\/h4>\n<p><strong>10% de bonificaci\u00f3n<\/strong> del costo[\/vc_column_text][\/vc_tab][\/vc_tabs][vc_separator type=\u00bbnormal\u00bb position=\u00bbcenter\u00bb][\/vc_column][vc_column width=\u00bb1\/6&#8243; offset=\u00bbvc_hidden-sm vc_hidden-xs\u00bb][vc_single_image image=\u00bb343&#8243; border_color=\u00bbgrey\u00bb img_link_target=\u00bb_self\u00bb img_size=\u00bb50&#215;1100&#8243; alignment=\u00bbright\u00bb][\/vc_column][\/vc_row][vc_row][vc_column width=\u00bb1\/1&#8243;][vc_empty_space height=\u00bb50px\u00bb][\/vc_column][\/vc_row]<\/p>\n","protected":false},"excerpt":{"rendered":"<p>[vc_row row_type=\u00bbrow\u00bb use_row_as_full_screen_section=\u00bbno\u00bb type=\u00bbfull_width\u00bb text_align=\u00bbleft\u00bb background_image_as_pattern=\u00bbwithout_pattern\u00bb][vc_column width=\u00bb5\/6&#8243;][vc_column_text] Colegio de Psic\u00f3logos de la Provincia de Cordoba Convenio de Seguros de Contrataci\u00f3n Voluntaria [\/vc_column_text][vc_separator type=\u00bbnormal\u00bb position=\u00bbcenter\u00bb down=\u00bb30&#8243;][vc_column_text]El Colegio de Psic\u00f3logos de la Provincia de C\u00f3rdoba firm\u00f3 un nuevo convenio con Mediterr\u00e1nea Sequeira Broker de Seguro que le&#8230;<\/p>\n","protected":false},"author":2,"featured_media":0,"parent":0,"menu_order":0,"comment_status":"closed","ping_status":"closed","template":"","meta":{"footnotes":""},"_links":{"self":[{"href":"http:\/\/mediterraneaseguros.com.ar\/site\/wp-json\/wp\/v2\/pages\/449"}],"collection":[{"href":"http:\/\/mediterraneaseguros.com.ar\/site\/wp-json\/wp\/v2\/pages"}],"about":[{"href":"http:\/\/mediterraneaseguros.com.ar\/site\/wp-json\/wp\/v2\/types\/page"}],"author":[{"embeddable":true,"href":"http:\/\/mediterraneaseguros.com.ar\/site\/wp-json\/wp\/v2\/users\/2"}],"replies":[{"embeddable":true,"href":"http:\/\/mediterraneaseguros.com.ar\/site\/wp-json\/wp\/v2\/comments?post=449"}],"version-history":[{"count":21,"href":"http:\/\/mediterraneaseguros.com.ar\/site\/wp-json\/wp\/v2\/pages\/449\/revisions"}],"predecessor-version":[{"id":804,"href":"http:\/\/mediterraneaseguros.com.ar\/site\/wp-json\/wp\/v2\/pages\/449\/revisions\/804"}],"wp:attachment":[{"href":"http:\/\/mediterraneaseguros.com.ar\/site\/wp-json\/wp\/v2\/media?parent=449"}],"curies":[{"name":"wp","href":"https:\/\/api.w.org\/{rel}","templated":true}]}}