{"id":372,"date":"2015-12-21T16:03:32","date_gmt":"2015-12-21T16:03:32","guid":{"rendered":"http:\/\/mediterraneaseguros.com.ar\/site\/?page_id=372"},"modified":"2016-05-13T12:19:29","modified_gmt":"2016-05-13T12:19:29","slug":"formularios-y-promociones","status":"publish","type":"page","link":"http:\/\/mediterraneaseguros.com.ar\/site\/formularios-y-promociones\/","title":{"rendered":"Formularios y Promociones"},"content":{"rendered":"<p>[vc_row row_type=\u00bbrow\u00bb use_row_as_full_screen_section=\u00bbno\u00bb type=\u00bbfull_width\u00bb text_align=\u00bbleft\u00bb background_image_as_pattern=\u00bbwithout_pattern\u00bb][vc_column width=\u00bb5\/6&#8243;][vc_column_text]<\/p>\n<h2>Formularios<\/h2>\n<p><a href=\"http:\/\/www.mediterraneaseguros.com.ar\/descargas\/odont\/02\/HISTORIA_CLINICA_ANEXO.pdf\" target=\"_new\">Modelo Consentimiento para endodoncia<\/a> <img loading=\"lazy\" decoding=\"async\" src=\"http:\/\/www.mediterraneaseguros.com.ar\/images\/linea-01.jpg\" alt=\"\" width=\"613\" height=\"6\" \/><a href=\"http:\/\/www.mediterraneaseguros.com.ar\/descargas\/odont\/02\/HISTORIA_CLINICA_GENERAL.pdf\" target=\"_new\">Historia Cl\u00ednica General<\/a> <img loading=\"lazy\" decoding=\"async\" src=\"http:\/\/www.mediterraneaseguros.com.ar\/images\/linea-01.jpg\" alt=\"\" width=\"613\" height=\"6\" \/><a href=\"http:\/\/www.mediterraneaseguros.com.ar\/descargas\/odont\/02\/ODONTOPEDIATRIA_ANEXO.pdf\" target=\"_new\">Odontopediatr\u00eda Anexo<\/a> <img loading=\"lazy\" decoding=\"async\" src=\"http:\/\/www.mediterraneaseguros.com.ar\/images\/linea-01.jpg\" alt=\"\" width=\"613\" height=\"6\" \/><a href=\"http:\/\/www.mediterraneaseguros.com.ar\/descargas\/odont\/02\/ODONTOPEDIATRIA_CONSENTIMIENTO.pdf\" target=\"_new\">Odontopediatr\u00eda Consentimiento<\/a> <img loading=\"lazy\" decoding=\"async\" src=\"http:\/\/www.mediterraneaseguros.com.ar\/images\/linea-01.jpg\" alt=\"\" width=\"613\" height=\"6\" \/><a href=\"http:\/\/www.mediterraneaseguros.com.ar\/descargas\/odont\/02\/ORTODONCIA_H_CLINICA_CONSENTIMIENTO.pdf\" target=\"_new\">Ortodoncia Historia Cl\u00ednica Consentimiento<\/a> <img loading=\"lazy\" decoding=\"async\" src=\"http:\/\/www.mediterraneaseguros.com.ar\/images\/linea-01.jpg\" alt=\"\" width=\"613\" height=\"6\" \/><\/p>\n<p>&nbsp;<\/p>\n<h2>Promociones<\/h2>\n<p><a href=\"http:\/\/www.mediterraneaseguros.com.ar\/descargas\/odont\/mediterranea-1.pdf\" target=\"_new\">Mediterranea ::: Un buen momento para sumar tranquilidad<\/a> <img loading=\"lazy\" decoding=\"async\" src=\"http:\/\/www.mediterraneaseguros.com.ar\/images\/linea-01.jpg\" alt=\"\" width=\"613\" height=\"6\" \/><a href=\"http:\/\/www.mediterraneaseguros.com.ar\/descargas\/odont\/mediterranea-2.pdf\" target=\"_new\">Mediterranea ::: Promociones exclusivas para odont\u00f3logos<\/a> <img loading=\"lazy\" decoding=\"async\" src=\"http:\/\/www.mediterraneaseguros.com.ar\/images\/linea-01.jpg\" alt=\"\" width=\"613\" height=\"6\" \/><a href=\"http:\/\/www.mediterraneaseguros.com.ar\/descargas\/odont\/mediterranea-3.pdf\" target=\"_new\">Mediterranea ::: ART para Servicio Dom\u00e9stico<\/a> <img loading=\"lazy\" decoding=\"async\" src=\"http:\/\/www.mediterraneaseguros.com.ar\/images\/linea-01.jpg\" alt=\"\" width=\"613\" height=\"6\" \/><a href=\"http:\/\/www.mediterraneaseguros.com.ar\/descargas\/odont\/mediterranea-4.pdf\" target=\"_new\">Mediterranea ::: Renovaci\u00f3n Seguro Colectivo de Resp. Civil Profesional<\/a> <img loading=\"lazy\" decoding=\"async\" src=\"http:\/\/www.mediterraneaseguros.com.ar\/images\/linea-01.jpg\" alt=\"\" width=\"613\" height=\"6\" \/>[\/vc_column_text][\/vc_column][vc_column width=\u00bb1\/6&#8243; offset=\u00bbvc_hidden-sm vc_hidden-xs\u00bb][vc_single_image image=\u00bb343&#8243; border_color=\u00bbgrey\u00bb img_link_target=\u00bb_self\u00bb img_size=\u00bb50&#215;900&#8243; alignment=\u00bbright\u00bb][\/vc_column][\/vc_row][vc_row][vc_column width=\u00bb1\/1&#8243;][vc_empty_space height=\u00bb50px\u00bb][\/vc_column][\/vc_row]<\/p>\n","protected":false},"excerpt":{"rendered":"<p>[vc_row row_type=\u00bbrow\u00bb use_row_as_full_screen_section=\u00bbno\u00bb type=\u00bbfull_width\u00bb text_align=\u00bbleft\u00bb background_image_as_pattern=\u00bbwithout_pattern\u00bb][vc_column width=\u00bb5\/6&#8243;][vc_column_text] Formularios Modelo Consentimiento para endodoncia Historia Cl\u00ednica General Odontopediatr\u00eda Anexo Odontopediatr\u00eda Consentimiento Ortodoncia Historia Cl\u00ednica Consentimiento &nbsp; Promociones Mediterranea ::: Un buen momento para sumar tranquilidad Mediterranea ::: Promociones exclusivas para odont\u00f3logos Mediterranea ::: ART para Servicio Dom\u00e9stico&#8230;<\/p>\n","protected":false},"author":2,"featured_media":0,"parent":0,"menu_order":0,"comment_status":"closed","ping_status":"closed","template":"","meta":{"footnotes":""},"_links":{"self":[{"href":"http:\/\/mediterraneaseguros.com.ar\/site\/wp-json\/wp\/v2\/pages\/372"}],"collection":[{"href":"http:\/\/mediterraneaseguros.com.ar\/site\/wp-json\/wp\/v2\/pages"}],"about":[{"href":"http:\/\/mediterraneaseguros.com.ar\/site\/wp-json\/wp\/v2\/types\/page"}],"author":[{"embeddable":true,"href":"http:\/\/mediterraneaseguros.com.ar\/site\/wp-json\/wp\/v2\/users\/2"}],"replies":[{"embeddable":true,"href":"http:\/\/mediterraneaseguros.com.ar\/site\/wp-json\/wp\/v2\/comments?post=372"}],"version-history":[{"count":7,"href":"http:\/\/mediterraneaseguros.com.ar\/site\/wp-json\/wp\/v2\/pages\/372\/revisions"}],"predecessor-version":[{"id":819,"href":"http:\/\/mediterraneaseguros.com.ar\/site\/wp-json\/wp\/v2\/pages\/372\/revisions\/819"}],"wp:attachment":[{"href":"http:\/\/mediterraneaseguros.com.ar\/site\/wp-json\/wp\/v2\/media?parent=372"}],"curies":[{"name":"wp","href":"https:\/\/api.w.org\/{rel}","templated":true}]}}